{"id":73,"date":"2013-01-31T21:55:23","date_gmt":"2013-01-31T20:55:23","guid":{"rendered":"http:\/\/www.pullus.hu\/web\/?page_id=73"},"modified":"2013-02-07T21:58:06","modified_gmt":"2013-02-07T20:58:06","slug":"madartani-kutatasok","status":"publish","type":"page","link":"http:\/\/www.pullus.hu\/web\/tevekenysegek-2\/madartani-kutatasok\/","title":{"rendered":"Mad\u00e1rtani kutat\u00e1sok"},"content":{"rendered":"<p style=\"text-align: justify;\">Els\u0151sorban a Pilis-visegr\u00e1di-hegys\u00e9g ter\u00fclet\u00e9n v\u00e9gz\u00fcnk \u00e9nekesmad\u00e1r felm\u00e9r\u00e9seket, illetve r\u00e9szt vesz\u00fcnk az angol <a href=\"http:\/\/www.bto.org\">BTO<\/a> (Brittish Trust of Ornithology) \u00e1ltal koordin\u00e1lt <a href=\"http:\/\/www.bto.org\/volunteer-surveys\/ringing\/surveys\/ces\">CES<\/a> (Constant Effort Sites) elnevez\u00e9s\u0171 programban.<\/p>\n","protected":false},"excerpt":{"rendered":"<p>Els\u0151sorban a Pilis-visegr\u00e1di-hegys\u00e9g ter\u00fclet\u00e9n v\u00e9gz\u00fcnk \u00e9nekesmad\u00e1r felm\u00e9r\u00e9seket, illetve r\u00e9szt vesz\u00fcnk az angol BTO (Brittish Trust of Ornithology) \u00e1ltal koordin\u00e1lt CES (Constant Effort Sites) elnevez\u00e9s\u0171 programban.<\/p>\n","protected":false},"author":1,"featured_media":0,"parent":58,"menu_order":2,"comment_status":"closed","ping_status":"closed","template":"","meta":[],"_links":{"self":[{"href":"http:\/\/www.pullus.hu\/web\/wp-json\/wp\/v2\/pages\/73"}],"collection":[{"href":"http:\/\/www.pullus.hu\/web\/wp-json\/wp\/v2\/pages"}],"about":[{"href":"http:\/\/www.pullus.hu\/web\/wp-json\/wp\/v2\/types\/page"}],"author":[{"embeddable":true,"href":"http:\/\/www.pullus.hu\/web\/wp-json\/wp\/v2\/users\/1"}],"replies":[{"embeddable":true,"href":"http:\/\/www.pullus.hu\/web\/wp-json\/wp\/v2\/comments?post=73"}],"version-history":[{"count":5,"href":"http:\/\/www.pullus.hu\/web\/wp-json\/wp\/v2\/pages\/73\/revisions"}],"predecessor-version":[{"id":83,"href":"http:\/\/www.pullus.hu\/web\/wp-json\/wp\/v2\/pages\/73\/revisions\/83"}],"up":[{"embeddable":true,"href":"http:\/\/www.pullus.hu\/web\/wp-json\/wp\/v2\/pages\/58"}],"wp:attachment":[{"href":"http:\/\/www.pullus.hu\/web\/wp-json\/wp\/v2\/media?parent=73"}],"curies":[{"name":"wp","href":"https:\/\/api.w.org\/{rel}","templated":true}]}}

Madártani kutatások

<p style="text-align: justify;">Elsősorban a Pilis-visegrádi-hegység területén végzünk énekesmadár felméréseket, illetve részt veszünk az angol <a href="http://www.bto.org">BTO</a> (Brittish Trust of Ornithology) által koordinált <a href="http://www.bto.org/volunteer-surveys/ringing/surveys/ces">CES</a> (Constant Effort Sites) elnevezésű programban.</p>

<p>Elsősorban a Pilis-visegrádi-hegység területén végzünk énekesmadár felméréseket, illetve részt veszünk az angol BTO (Brittish Trust of Ornithology) által koordinált CES (Constant Effort Sites) elnevezésű programban.</p>
