{"id":62,"date":"2013-01-31T21:24:28","date_gmt":"2013-01-31T20:24:28","guid":{"rendered":"http:\/\/www.pullus.hu\/web\/?page_id=62"},"modified":"2013-01-31T21:32:55","modified_gmt":"2013-01-31T20:32:55","slug":"magunkrol","status":"publish","type":"page","link":"http:\/\/www.pullus.hu\/web\/magunkrol\/","title":{"rendered":"Magunkr\u00f3l"},"content":{"rendered":"<p style=\"text-align: justify;\">Az Alap\u00edtv\u00e1nyt a k\u00f6rnyezet- \u00e9s term\u00e9szetv\u00e9delem, valamint a k\u00f6rnyezeti nevel\u00e9s ter\u00fclet\u00e9n j\u00e1rtas szakemberek hozt\u00e1k l\u00e9tre azzal a c\u00e9llal, hogy kereteket, valamint er\u0151forr\u00e1sokat biztos\u00edtsanak a k\u00f6rnyezeti nevel\u00e9s, valamint a k\u00f6rnyezet- \u00e9s term\u00e9szetv\u00e9delem, illetve az oktat\u00e1s \u00e9s ismeretterjeszt\u00e9s ter\u00fclet\u00e9n v\u00e9gzett munk\u00e1hoz.<\/p>\n<p style=\"text-align: justify;\">Az Alap\u00edtv\u00e1ny m\u0171k\u00f6d\u00e9si ter\u00fclete jelenleg: a Dunakanyar, Balaton-felvid\u00e9k, Sopron k\u00f6rny\u00e9ke, Budapest, valamint a Dunakanyar szlov\u00e1kiai oldala \u00e9s az als\u00f3 Ipoly-mente.<\/p>\n<p style=\"text-align: justify;\">Tev\u00e9kenys\u00e9g\u00fcnk sor\u00e1n:<\/p>\n<p style=\"text-align: justify;\">&#8211; egy\u00fcttm\u0171k\u00f6d\u00fcnk a hasonl\u00f3 c\u00e9llal tev\u00e9kenyked\u0151 csoportokkal \u00e9s t\u00e1rsadalmi szervezetekkel,<\/p>\n<p style=\"text-align: justify;\">&#8211; seg\u00edtj\u00fck a hivat\u00e1sos term\u00e9szetv\u00e9delem, valamint az oktat\u00e1si \u00e9s nevel\u00e9si int\u00e9zm\u00e9nyek munk\u00e1j\u00e1t,<\/p>\n<p style=\"text-align: justify;\">&#8211; t\u00e1mogatjuk a tudom\u00e1nyos tev\u00e9kenys\u00e9get, illetve az ismeretterjeszt\u0151 kiadv\u00e1nyok megjelen\u00e9s\u00e9t.<\/p>\n<p style=\"text-align: justify;\">A fentiek t\u00fckr\u00e9ben Alap\u00edtv\u00e1nyunk \u00f6nk\u00e9ntesei \u00e9s alap\u00edt\u00f3i els\u0151sorban a term\u00e9szetv\u00e9delem \u00e9s a k\u00f6rnyezeti nevel\u00e9s ter\u00fclet\u00e9n tev\u00e9kenykedtek az elm\u00falt 10-15 \u00e9v sor\u00e1n, ennek a munk\u00e1nak a folytat\u00e1s\u00e1hoz szeretn\u00e9nk forr\u00e1sokat teremteni. Mintegy 15 \u00e9ve szervez\u00fcnk k\u00f6rnyezet- \u00e9s term\u00e9szetv\u00e9delmi t\u00e1borokat, r\u00e9szt vesz\u00fcnk a \u201emadar\u00e1sz ovi\u201d h\u00e1l\u00f3zatban, illetve programokat szervez\u00fcnk az \u00e1ltal\u00e1nos \u00e9s k\u00f6z\u00e9piskol\u00e1s koroszt\u00e1ly sz\u00e1m\u00e1ra. Ezen tev\u00e9kenys\u00e9g\u00fcnket els\u0151sorban Budapesten, illetve a Balaton-felvid\u00e9ken \u00e9s a Dunakanyarban v\u00e9gezz\u00fck.<\/p>\n","protected":false},"excerpt":{"rendered":"<p>Az Alap\u00edtv\u00e1nyt a k\u00f6rnyezet- \u00e9s term\u00e9szetv\u00e9delem, valamint a k\u00f6rnyezeti nevel\u00e9s ter\u00fclet\u00e9n j\u00e1rtas szakemberek hozt\u00e1k l\u00e9tre azzal a c\u00e9llal, hogy kereteket, valamint er\u0151forr\u00e1sokat biztos\u00edtsanak a k\u00f6rnyezeti nevel\u00e9s, valamint a k\u00f6rnyezet- \u00e9s term\u00e9szetv\u00e9delem, illetve az oktat\u00e1s \u00e9s ismeretterjeszt\u00e9s ter\u00fclet\u00e9n v\u00e9gzett munk\u00e1hoz. Az &hellip; <a class=\"more-link\" href=\"http:\/\/www.pullus.hu\/web\/magunkrol\/\">Continue reading <span class=\"meta-nav\">&rarr;<\/span><\/a><\/p>\n","protected":false},"author":1,"featured_media":0,"parent":0,"menu_order":0,"comment_status":"closed","ping_status":"closed","template":"","meta":[],"_links":{"self":[{"href":"http:\/\/www.pullus.hu\/web\/wp-json\/wp\/v2\/pages\/62"}],"collection":[{"href":"http:\/\/www.pullus.hu\/web\/wp-json\/wp\/v2\/pages"}],"about":[{"href":"http:\/\/www.pullus.hu\/web\/wp-json\/wp\/v2\/types\/page"}],"author":[{"embeddable":true,"href":"http:\/\/www.pullus.hu\/web\/wp-json\/wp\/v2\/users\/1"}],"replies":[{"embeddable":true,"href":"http:\/\/www.pullus.hu\/web\/wp-json\/wp\/v2\/comments?post=62"}],"version-history":[{"count":3,"href":"http:\/\/www.pullus.hu\/web\/wp-json\/wp\/v2\/pages\/62\/revisions"}],"predecessor-version":[{"id":66,"href":"http:\/\/www.pullus.hu\/web\/wp-json\/wp\/v2\/pages\/62\/revisions\/66"}],"wp:attachment":[{"href":"http:\/\/www.pullus.hu\/web\/wp-json\/wp\/v2\/media?parent=62"}],"curies":[{"name":"wp","href":"https:\/\/api.w.org\/{rel}","templated":true}]}}

Magunkról

<p style="text-align: justify;">Az Alapítványt a környezet- és természetvédelem, valamint a környezeti nevelés területén jártas szakemberek hozták létre azzal a céllal, hogy kereteket, valamint erőforrásokat biztosítsanak a környezeti nevelés, valamint a környezet- és természetvédelem, illetve az oktatás és ismeretterjesztés területén végzett munkához.</p>
<p style="text-align: justify;">Az Alapítvány működési területe jelenleg: a Dunakanyar, Balaton-felvidék, Sopron környéke, Budapest, valamint a Dunakanyar szlovákiai oldala és az alsó Ipoly-mente.</p>
<p style="text-align: justify;">Tevékenységünk során:</p>
<p style="text-align: justify;">&#8211; együttműködünk a hasonló céllal tevékenykedő csoportokkal és társadalmi szervezetekkel,</p>
<p style="text-align: justify;">&#8211; segítjük a hivatásos természetvédelem, valamint az oktatási és nevelési intézmények munkáját,</p>
<p style="text-align: justify;">&#8211; támogatjuk a tudományos tevékenységet, illetve az ismeretterjesztő kiadványok megjelenését.</p>
<p style="text-align: justify;">A fentiek tükrében Alapítványunk önkéntesei és alapítói elsősorban a természetvédelem és a környezeti nevelés területén tevékenykedtek az elmúlt 10-15 év során, ennek a munkának a folytatásához szeretnénk forrásokat teremteni. Mintegy 15 éve szervezünk környezet- és természetvédelmi táborokat, részt veszünk a „madarász ovi” hálózatban, illetve programokat szervezünk az általános és középiskolás korosztály számára. Ezen tevékenységünket elsősorban Budapesten, illetve a Balaton-felvidéken és a Dunakanyarban végezzük.</p>

<p>Az Alapítványt a környezet- és természetvédelem, valamint a környezeti nevelés területén jártas szakemberek hozták létre azzal a céllal, hogy kereteket, valamint erőforrásokat biztosítsanak a környezeti nevelés, valamint a környezet- és természetvédelem, illetve az oktatás és ismeretterjesztés területén végzett munkához. Az &hellip; <a class="more-link" href="http://www.pullus.hu/web/magunkrol/">Continue reading <span class="meta-nav">&rarr;</span></a></p>
