{"id":304,"date":"2023-02-16T19:05:04","date_gmt":"2023-02-16T18:05:04","guid":{"rendered":"http:\/\/www.pullus.hu\/web\/?page_id=304"},"modified":"2024-03-14T18:28:56","modified_gmt":"2024-03-14T17:28:56","slug":"alapito-dokumentum","status":"publish","type":"page","link":"http:\/\/www.pullus.hu\/web\/ziegner-antal-dij\/alapito-dokumentum\/","title":{"rendered":"Alap\u00edt\u00f3 dokumentum"},"content":{"rendered":"\n<p class=\"has-text-align-center\"><strong>Ziegner Antal-d\u00edj adom\u00e1nyoz\u00e1si szab\u00e1lyzata<\/strong><\/p>\n\n\n\n<p class=\"has-text-align-left\"><br>A Kiskuns\u00e1gi Mad\u00e1rv\u00e9delmi Egyes\u00fclet \u00e9s a Pullus Alap\u00edtv\u00e1ny (tov\u00e1bbiakban: Alap\u00edt\u00f3 szervezetek) 2022-ben, Ziegner Antal sz\u00fclet\u00e9s\u00e9nek 100. \u00e9vfordul\u00f3j\u00e1n Ziegner Antal-d\u00edjat (tov\u00e1bbiaban: D\u00edj) alap\u00edtottak, mellyel c\u00e9ljuk, hogy m\u00e9lt\u00f3 eml\u00e9ket \u00e1ll\u00edtsanak Ziegner Antal \u00e9let\u00e9nek \u00e9s munk\u00e1ss\u00e1g\u00e1nak. A D\u00edj oda\u00edt\u00e9l\u00e9s\u00e9t \u00e9s az elj\u00e1r\u00e1s rendj\u00e9t az Alap\u00edt\u00f3 szervezetek az al\u00e1bbiak szerint szab\u00e1lyozz\u00e1k.<br><\/p>\n\n\n\n<p class=\"has-text-align-left\">A Ziegner Antal-d\u00edj adom\u00e1nyoz\u00e1s\u00e1nak c\u00e9lja azon nem hivat\u00e1sos, amat\u0151r mad\u00e1rgy\u0171r\u0171z\u0151k m\u00e9lt\u00f3 elismer\u00e9se, akik t\u00f6bb \u00e9ven kereszt\u00fcl v\u00e9geztek sz\u00ednvonalas \u00e9s eredm\u00e9nyes mad\u00e1rv\u00e9delmi szakmai tev\u00e9kenys\u00e9get.<br><\/p>\n\n\n\n<p class=\"has-text-align-left\">1) A D\u00edj azon K\u00e1rp\u00e1t-medenc\u00e9ben \u00e9l\u0151 szem\u00e9lynek adom\u00e1nyozhat\u00f3, aki gy\u0171r\u0171z\u00e9si tev\u00e9kenys\u00e9g\u00e9vel jelent\u0151sen hozz\u00e1j\u00e1rult a hazai mad\u00e1rv\u00e9delmi eredm\u00e9nyekhez. Az elb\u00edr\u00e1l\u00e1sn\u00e1l figyelembe vehet\u0151 hazai \u00f6n\u00e1ll\u00f3 munk\u00e1ss\u00e1g, eredm\u00e9nyes t\u00e1rsadalmi tev\u00e9kenys\u00e9g, valamint a k\u00f6rnyezeti nevel\u00e9s \u00e9s ut\u00e1np\u00f3tl\u00e1snevel\u00e9s ter\u00fclet\u00e9n v\u00e9gzett p\u00e9ldamutat\u00f3 munka.<br><\/p>\n\n\n\n<p class=\"has-text-align-left\">2) A D\u00edj adom\u00e1nyoz\u00e1s\u00e1t b\u00e1rmely term\u00e9szetes szem\u00e9ly, jogi szem\u00e9ly \u00e9s jogi szem\u00e9lyis\u00e9g n\u00e9lk\u00fcli szervezet kezdem\u00e9nyezheti. A kezdem\u00e9nyez\u00e9s el\u0151terjeszt\u00e9s\u00e9nek formai \u00e9s tartalmi k\u00f6vetelm\u00e9nyeit az 1. mell\u00e9klet tartalmazza.<br><\/p>\n\n\n\n<p class=\"has-text-align-left\">3) A D\u00edj adom\u00e1nyoz\u00e1s\u00e1t \u00f6nmaga r\u00e9sz\u00e9re senki nem kezdem\u00e9nyezheti.<br><\/p>\n\n\n\n<p class=\"has-text-align-left\">4) A D\u00edj posztumusz nem adom\u00e1nyozhat\u00f3.<br><\/p>\n\n\n\n<p class=\"has-text-align-left\">5) A kezdem\u00e9nyez\u00e9st a t\u00e1rgy \u00e9v m\u00e1jus 15. napj\u00e1ig kell beny\u00fajtani az Alap\u00edt\u00f3 szervezetek r\u00e9sz\u00e9re elektronikus form\u00e1ban, al\u00e1\u00edrva a pullus@pullus.hu c\u00edmre. A hat\u00e1rid\u0151 ut\u00e1n be\u00e9rkezett kezdem\u00e9nyez\u00e9st a soron k\u00f6vetkez\u0151 adom\u00e1nyoz\u00e1si alkalomn\u00e1l kell \u00e9rt\u00e9kelni.<br><\/p>\n\n\n\n<p class=\"has-text-align-left\">6) A D\u00edj Bizotts\u00e1g d\u00f6nt az elismer\u00e9s adom\u00e1nyoz\u00e1s\u00e1r\u00f3l, melynek tagjai az Alap\u00edt\u00f3 szervezetek erre a feladatra kijel\u00f6lt 2-2 f\u0151 k\u00e9pvisel\u0151je, valamint a Magyar Mad\u00e1rtani \u00e9s Term\u00e9szetv\u00e9delmi Egyes\u00fclet Mad\u00e1rgy\u0171r\u0171z\u0151- \u00e9s Vonul\u00e1skutat\u00f3 Szakoszt\u00e1ly mindenkori eln\u00f6ke.<br><\/p>\n\n\n\n<p class=\"has-text-align-left\">7) A D\u00edj azon szem\u00e9ly r\u00e9sz\u00e9re adom\u00e1nyozhat\u00f3, aki el\u0151zetesen a 2. mell\u00e9klet szerinti nyilatkozattal \u00edr\u00e1sban hozz\u00e1j\u00e1rul ahhoz, hogy a term\u00e9szetes szem\u00e9lyazonos\u00edt\u00f3 adatait \u00e9s lakc\u00edmadat\u00e1t az elismer\u00e9sben r\u00e9szes\u00edtettek nyilv\u00e1ntart\u00e1s\u00e1ban kezelj\u00e9k, valamint nev\u00e9t az Alap\u00edt\u00f3 szervezetek online fel\u00fcletein k\u00f6zz\u00e9tegy\u00e9k, tov\u00e1bb\u00e1 ahhoz, hogy \u00e9rdemeir\u0151l a nyilv\u00e1noss\u00e1g t\u00e1j\u00e9koztat\u00e1st kapjon.<br><\/p>\n\n\n\n<p class=\"has-text-align-left\">8) A kit\u0171ntet\u00e9s egy bronzb\u00f3l k\u00e9sz\u00fclt 8 cm \u00e1tm\u00e9r\u0151j\u0171 2D s\u00edk plakett, melynek egyik oldal\u00e1n Zigner Antal portr\u00e9ja \u00e9s a \u201eMadarak\u00e9rt, mad\u00e1rgy\u0171r\u0171z\u00e9s\u00e9rt szabadon\u201d felirat \u00e1ll, m\u00e1sik oldal\u00e1n egy stiliz\u00e1lt mad\u00e1r van. A d\u00edj oda\u00edt\u00e9l\u00e9s\u00e9r\u0151l sz\u00f3l\u00f3 oklev\u00e9l sz\u00f6vege kalligrafikus \u00edr\u00e1ssal, egyedi kialak\u00edt\u00e1ssal k\u00e9sz\u00fcl, az oklevelet az Alap\u00edt\u00f3 szervezetek eln\u00f6kei \u00edrj\u00e1k al\u00e1. A d\u00edjjal p\u00e9nzjutalom nem j\u00e1r.<br><\/p>\n\n\n\n<p class=\"has-text-align-left\">9) \u00c9vente legfeljebb egy d\u00edj adom\u00e1nyozhat\u00f3.<br><\/p>\n\n\n\n<p class=\"has-text-align-left\">10) A d\u00edj \u00e1tad\u00e1s\u00e1ra Ziegner Antal sz\u00fclet\u00e9snapja (j\u00falius 20.) alkalm\u00e1b\u00f3l ker\u00fcl sor.<\/p>\n","protected":false},"excerpt":{"rendered":"<p>Ziegner Antal-d\u00edj adom\u00e1nyoz\u00e1si szab\u00e1lyzata A Kiskuns\u00e1gi Mad\u00e1rv\u00e9delmi Egyes\u00fclet \u00e9s a Pullus Alap\u00edtv\u00e1ny (tov\u00e1bbiakban: Alap\u00edt\u00f3 szervezetek) 2022-ben, Ziegner Antal sz\u00fclet\u00e9s\u00e9nek 100. \u00e9vfordul\u00f3j\u00e1n Ziegner Antal-d\u00edjat (tov\u00e1bbiaban: D\u00edj) alap\u00edtottak, mellyel c\u00e9ljuk, hogy m\u00e9lt\u00f3 eml\u00e9ket \u00e1ll\u00edtsanak Ziegner Antal \u00e9let\u00e9nek \u00e9s munk\u00e1ss\u00e1g\u00e1nak. A D\u00edj oda\u00edt\u00e9l\u00e9s\u00e9t &hellip; <a class=\"more-link\" href=\"http:\/\/www.pullus.hu\/web\/ziegner-antal-dij\/alapito-dokumentum\/\">Continue reading <span class=\"meta-nav\">&rarr;<\/span><\/a><\/p>\n","protected":false},"author":1,"featured_media":0,"parent":277,"menu_order":2,"comment_status":"closed","ping_status":"closed","template":"","meta":[],"_links":{"self":[{"href":"http:\/\/www.pullus.hu\/web\/wp-json\/wp\/v2\/pages\/304"}],"collection":[{"href":"http:\/\/www.pullus.hu\/web\/wp-json\/wp\/v2\/pages"}],"about":[{"href":"http:\/\/www.pullus.hu\/web\/wp-json\/wp\/v2\/types\/page"}],"author":[{"embeddable":true,"href":"http:\/\/www.pullus.hu\/web\/wp-json\/wp\/v2\/users\/1"}],"replies":[{"embeddable":true,"href":"http:\/\/www.pullus.hu\/web\/wp-json\/wp\/v2\/comments?post=304"}],"version-history":[{"count":6,"href":"http:\/\/www.pullus.hu\/web\/wp-json\/wp\/v2\/pages\/304\/revisions"}],"predecessor-version":[{"id":370,"href":"http:\/\/www.pullus.hu\/web\/wp-json\/wp\/v2\/pages\/304\/revisions\/370"}],"up":[{"embeddable":true,"href":"http:\/\/www.pullus.hu\/web\/wp-json\/wp\/v2\/pages\/277"}],"wp:attachment":[{"href":"http:\/\/www.pullus.hu\/web\/wp-json\/wp\/v2\/media?parent=304"}],"curies":[{"name":"wp","href":"https:\/\/api.w.org\/{rel}","templated":true}]}}

Alapító dokumentum

<p class="has-text-align-center"><strong>Ziegner Antal-díj adományozási szabályzata</strong></p>



<p class="has-text-align-left"><br>A Kiskunsági Madárvédelmi Egyesület és a Pullus Alapítvány (továbbiakban: Alapító szervezetek) 2022-ben, Ziegner Antal születésének 100. évfordulóján Ziegner Antal-díjat (továbbiaban: Díj) alapítottak, mellyel céljuk, hogy méltó emléket állítsanak Ziegner Antal életének és munkásságának. A Díj odaítélését és az eljárás rendjét az Alapító szervezetek az alábbiak szerint szabályozzák.<br></p>



<p class="has-text-align-left">A Ziegner Antal-díj adományozásának célja azon nem hivatásos, amatőr madárgyűrűzők méltó elismerése, akik több éven keresztül végeztek színvonalas és eredményes madárvédelmi szakmai tevékenységet.<br></p>



<p class="has-text-align-left">1) A Díj azon Kárpát-medencében élő személynek adományozható, aki gyűrűzési tevékenységével jelentősen hozzájárult a hazai madárvédelmi eredményekhez. Az elbírálásnál figyelembe vehető hazai önálló munkásság, eredményes társadalmi tevékenység, valamint a környezeti nevelés és utánpótlásnevelés területén végzett példamutató munka.<br></p>



<p class="has-text-align-left">2) A Díj adományozását bármely természetes személy, jogi személy és jogi személyiség nélküli szervezet kezdeményezheti. A kezdeményezés előterjesztésének formai és tartalmi követelményeit az 1. melléklet tartalmazza.<br></p>



<p class="has-text-align-left">3) A Díj adományozását önmaga részére senki nem kezdeményezheti.<br></p>



<p class="has-text-align-left">4) A Díj posztumusz nem adományozható.<br></p>



<p class="has-text-align-left">5) A kezdeményezést a tárgy év május 15. napjáig kell benyújtani az Alapító szervezetek részére elektronikus formában, aláírva a pullus@pullus.hu címre. A határidő után beérkezett kezdeményezést a soron következő adományozási alkalomnál kell értékelni.<br></p>



<p class="has-text-align-left">6) A Díj Bizottság dönt az elismerés adományozásáról, melynek tagjai az Alapító szervezetek erre a feladatra kijelölt 2-2 fő képviselője, valamint a Magyar Madártani és Természetvédelmi Egyesület Madárgyűrűző- és Vonuláskutató Szakosztály mindenkori elnöke.<br></p>



<p class="has-text-align-left">7) A Díj azon személy részére adományozható, aki előzetesen a 2. melléklet szerinti nyilatkozattal írásban hozzájárul ahhoz, hogy a természetes személyazonosító adatait és lakcímadatát az elismerésben részesítettek nyilvántartásában kezeljék, valamint nevét az Alapító szervezetek online felületein közzétegyék, továbbá ahhoz, hogy érdemeiről a nyilvánosság tájékoztatást kapjon.<br></p>



<p class="has-text-align-left">8) A kitűntetés egy bronzból készült 8 cm átmérőjű 2D sík plakett, melynek egyik oldalán Zigner Antal portréja és a „Madarakért, madárgyűrűzésért szabadon” felirat áll, másik oldalán egy stilizált madár van. A díj odaítéléséről szóló oklevél szövege kalligrafikus írással, egyedi kialakítással készül, az oklevelet az Alapító szervezetek elnökei írják alá. A díjjal pénzjutalom nem jár.<br></p>



<p class="has-text-align-left">9) Évente legfeljebb egy díj adományozható.<br></p>



<p class="has-text-align-left">10) A díj átadására Ziegner Antal születésnapja (július 20.) alkalmából kerül sor.</p>

<p>Ziegner Antal-díj adományozási szabályzata A Kiskunsági Madárvédelmi Egyesület és a Pullus Alapítvány (továbbiakban: Alapító szervezetek) 2022-ben, Ziegner Antal születésének 100. évfordulóján Ziegner Antal-díjat (továbbiaban: Díj) alapítottak, mellyel céljuk, hogy méltó emléket állítsanak Ziegner Antal életének és munkásságának. A Díj odaítélését &hellip; <a class="more-link" href="http://www.pullus.hu/web/ziegner-antal-dij/alapito-dokumentum/">Continue reading <span class="meta-nav">&rarr;</span></a></p>
