{"id":187,"date":"2013-04-24T17:30:16","date_gmt":"2013-04-24T15:30:16","guid":{"rendered":"http:\/\/www.pullus.hu\/web\/?page_id=187"},"modified":"2025-02-05T09:31:53","modified_gmt":"2025-02-05T08:31:53","slug":"ado-1","status":"publish","type":"page","link":"http:\/\/www.pullus.hu\/web\/ado-1\/","title":{"rendered":"Ad\u00f3 1%"},"content":{"rendered":"<p style=\"text-align: justify;\">2013-t\u00f3l kezdve a Pullus Alap\u00edtv\u00e1ny is jogosult a szem\u00e9lyi j\u00f6vedelemad\u00f3 1%-nak gy\u0171jt\u00e9s\u00e9re. A rendelkez\u0151 nyilatkozatra &#8211; amelyet a mag\u00e1nszem\u00e9lyeknek 2025 m\u00e1jus 20-ig kell post\u00e1ra adniuk &#8211; a t\u00e1mogatni k\u00edv\u00e1nt szervezet ad\u00f3sz\u00e1m\u00e1t, valamint az ad\u00f3z\u00f3 saj\u00e1t ad\u00f3azonos\u00edt\u00f3 jel\u00e9t kell felt\u00fcntetni.<\/p>\n<p style=\"text-align: justify;\">A Pullus Alap\u00edtv\u00e1ny ad\u00f3sz\u00e1ma:<\/p>\n<h1 style=\"text-align: center;\"><strong>18035942-1-19<\/strong><\/h1>\n<p style=\"text-align: justify;\">A rendelkez\u0151 nyilatkozat az SZJA bevall\u00e1st\u00f3l f\u00fcggetlen\u00fcl is beny\u00fajthat\u00f3 a m\u00e1jus 20-i v\u00e9gs\u0151 hat\u00e1rid\u0151ig. Teh\u00e1t azok sem maradnak le a rendelkez\u00e9s lehet\u0151s\u00e9g\u00e9r\u0151l, akik ad\u00f3bevall\u00e1sukat m\u00e1r kor\u00e1bban beny\u00fajtott\u00e1k. A rendelkez\u0151 nyilatkozat postai \u00faton, valamint az <a href=\"http:\/\/eszja.nav.gov.hu\" target=\"_blank\" rel=\"noopener\">\u00fcgyf\u00e9lkapu<\/a> seg\u00edts\u00e9g\u00e9vel elektronikuan is beny\u00fajthat\u00f3.<\/p>\n<p style=\"text-align: justify;\">A szem\u00e9lyi j\u00f6vedelemad\u00f3 1+1%-nak felaj\u00e1nl\u00e1si lehet\u0151s\u00e9g\u00e9r\u0151l a <a href=\"http:\/\/nonprofit.hu\" target=\"_blank\" rel=\"noopener\">nonprofit.hu<\/a>, illetve a <a href=\"https:\/\/nav.gov.hu\/ado\/szja1_1\" target=\"_blank\" rel=\"noopener\">NAV<\/a> honlapj\u00e1n b\u0151vebb inform\u00e1ci\u00f3t tal\u00e1l.<\/p>\n<p style=\"text-align: justify;\">\n","protected":false},"excerpt":{"rendered":"<p>2013-t\u00f3l kezdve a Pullus Alap\u00edtv\u00e1ny is jogosult a szem\u00e9lyi j\u00f6vedelemad\u00f3 1%-nak gy\u0171jt\u00e9s\u00e9re. A rendelkez\u0151 nyilatkozatra &#8211; amelyet a mag\u00e1nszem\u00e9lyeknek 2025 m\u00e1jus 20-ig kell post\u00e1ra adniuk &#8211; a t\u00e1mogatni k\u00edv\u00e1nt szervezet ad\u00f3sz\u00e1m\u00e1t, valamint az ad\u00f3z\u00f3 saj\u00e1t ad\u00f3azonos\u00edt\u00f3 jel\u00e9t kell felt\u00fcntetni. A &hellip; <a class=\"more-link\" href=\"http:\/\/www.pullus.hu\/web\/ado-1\/\">Continue reading <span class=\"meta-nav\">&rarr;<\/span><\/a><\/p>\n","protected":false},"author":1,"featured_media":0,"parent":0,"menu_order":0,"comment_status":"closed","ping_status":"closed","template":"","meta":[],"_links":{"self":[{"href":"http:\/\/www.pullus.hu\/web\/wp-json\/wp\/v2\/pages\/187"}],"collection":[{"href":"http:\/\/www.pullus.hu\/web\/wp-json\/wp\/v2\/pages"}],"about":[{"href":"http:\/\/www.pullus.hu\/web\/wp-json\/wp\/v2\/types\/page"}],"author":[{"embeddable":true,"href":"http:\/\/www.pullus.hu\/web\/wp-json\/wp\/v2\/users\/1"}],"replies":[{"embeddable":true,"href":"http:\/\/www.pullus.hu\/web\/wp-json\/wp\/v2\/comments?post=187"}],"version-history":[{"count":10,"href":"http:\/\/www.pullus.hu\/web\/wp-json\/wp\/v2\/pages\/187\/revisions"}],"predecessor-version":[{"id":374,"href":"http:\/\/www.pullus.hu\/web\/wp-json\/wp\/v2\/pages\/187\/revisions\/374"}],"wp:attachment":[{"href":"http:\/\/www.pullus.hu\/web\/wp-json\/wp\/v2\/media?parent=187"}],"curies":[{"name":"wp","href":"https:\/\/api.w.org\/{rel}","templated":true}]}}

Adó 1%

<p style="text-align: justify;">2013-tól kezdve a Pullus Alapítvány is jogosult a személyi jövedelemadó 1%-nak gyűjtésére. A rendelkező nyilatkozatra &#8211; amelyet a magánszemélyeknek 2025 május 20-ig kell postára adniuk &#8211; a támogatni kívánt szervezet adószámát, valamint az adózó saját adóazonosító jelét kell feltüntetni.</p>
<p style="text-align: justify;">A Pullus Alapítvány adószáma:</p>
<h1 style="text-align: center;"><strong>18035942-1-19</strong></h1>
<p style="text-align: justify;">A rendelkező nyilatkozat az SZJA bevallástól függetlenül is benyújtható a május 20-i végső határidőig. Tehát azok sem maradnak le a rendelkezés lehetőségéről, akik adóbevallásukat már korábban benyújtották. A rendelkező nyilatkozat postai úton, valamint az <a href="http://eszja.nav.gov.hu" target="_blank" rel="noopener">ügyfélkapu</a> segítségével elektronikuan is benyújtható.</p>
<p style="text-align: justify;">A személyi jövedelemadó 1+1%-nak felajánlási lehetőségéről a <a href="http://nonprofit.hu" target="_blank" rel="noopener">nonprofit.hu</a>, illetve a <a href="https://nav.gov.hu/ado/szja1_1" target="_blank" rel="noopener">NAV</a> honlapján bővebb információt talál.</p>
<p style="text-align: justify;">

<p>2013-tól kezdve a Pullus Alapítvány is jogosult a személyi jövedelemadó 1%-nak gyűjtésére. A rendelkező nyilatkozatra &#8211; amelyet a magánszemélyeknek 2025 május 20-ig kell postára adniuk &#8211; a támogatni kívánt szervezet adószámát, valamint az adózó saját adóazonosító jelét kell feltüntetni. A &hellip; <a class="more-link" href="http://www.pullus.hu/web/ado-1/">Continue reading <span class="meta-nav">&rarr;</span></a></p>
